pose -v + 0*v = -104. Suppose -1 = -2*m - 7. Let t be -2 - (-9)/m*-5. What is the greatest common divisor of v and t?
13
Let c = -35 + 115. What is the highest common factor of c and 32?
16
Let j be (4/(-2))/((-2)/8). Let s = -3 + 3. Let t be (9 - s) + -4 + 3. What is the highest common factor of j and t?
8
Let c = 35 + -16. Suppose 5*u + 4*r + 0*r + 43 = 0, -3*r + 20 = -u. Let v = c - u. What is the greatest common divisor of 45 and v?
15
Suppose -r + 5*p - 46 = 0, 3*p - 7 = -1. Let u = -24 - r. Calculate the greatest common factor of u and 3.
3
Let x(c) = c - 4. Let s be x(4). Let k(r) = -r**3 - 2*r**2 + 7*r + 3. Let l be k(-6). Suppose -n + 6*n - l = s. What is the highest common factor of n and 42?
21
Let a be (4 - (-45)/(-6))*(2 - 38). What is the highest common factor of 18 and a?
18
Let r = -6 - -10. Let v(z) = z - 1. Let j be v(3). Calculate the greatest common factor of j and r.
2
Suppose 2*i - p - 5 = 0, 4*i + 0*p = p + 15. Suppose -3*m = -3*j + 150, 2*m - 100 = 4*j - 310. Calculate the highest common divisor of j and i.
5
Let r(b) = b**2 - b. Let s be r(2). Suppose -5*n + 61 = 3*l, -s*l - 2*n + 36 = -n. What is the highest common factor of 68 and l?
17
Let h be 58/3 + (-4)/(-6). Let x be 6 - (-2)/6*-3. What is the highest common divisor of x and h?
5
Let q(s) = s**3 + 22*s**2 - 23*s + 5. Let n be q(-23). Calculate the greatest common factor of n and 5.
5
Suppose -3 = -2*q + 3. Suppose 2*m + 19 = q*s, -3 - 24 = -4*s + m. Calculate the highest common divisor of s and 35.
7
Let v(r) = -r**3 + 2*r**2 - r + 4. Let j be v(3). Let w = j - -16. Calculate the highest common factor of 56 and w.
8
Let j be 4 + -3 - 0 - -3. Suppose -15 + 135 = j*m. Calculate the highest common divisor of m and 6.
6
Let w = -59 - -41. Let r be w*((-21)/9 + 2). Let l(y) = -5*y - 1. Let p be l(-5). What is the greatest common divisor of p and r?
6
Let r(f) = -4*f - 1. Let l be r(-2). Suppose 3*d - 32 = l*d. Let u be (-12)/8*d/3. What is the greatest common factor of 12 and u?
4
Let g = -3 + 5. Let z(f) = f + f**2 + 2 + g*f + 12*f**2. Let k be z(-3). Calculate the highest common factor of 10 and k.
10
Let r be (-873)/(-7) - ((-48)/(-21))/(-8). Calculate the highest common divisor of 25 and r.
25
Suppose -1 + 8 = f. What is the greatest common divisor of 77 and f?
7
Let d(n) = -8*n + 112. Let f be d(0). What is the greatest common factor of 280 and f?
56
Let r(y) = 0 + 1 - y - 4. Let l be r(-11). Calculate the highest common factor of 56 and l.
8
Let i(f) = -f + 4. Let o be i(0). Suppose 2 + 6 = o*g - 5*n, 3*g = -3*n + 6. What is the highest common factor of g and 18?
2
Let v = 26 - -8. Let h(x) = 3*x - 1. Let b be h(2). Suppose 8 = 3*g + 5*a, 2*g - v = -2*g + b*a. What is the greatest common divisor of 36 and g?
6
Suppose 4*g - 27 = -c - 0*g, 0 = -5*g + 25. Suppose -l + 3*j + 11 = 0, -3*l + j + 2 = -c. Calculate the highest common divisor of 18 and l.
2
Let p = -55 + 56. Let y be (-16)/10 - (-2)/(-5). Let d = p - y. Calculate the greatest common factor of d and 3.
3
Let n be (-29)/(2 - (-3)/(-2)). Let a = -41 - n. What is the greatest common factor of 85 and a?
17
Suppose 0 = -t - 2*d + 16, 12 = -4*t - 4*d + 76. Suppose b + b - t = 0. Let v be 226/8 - 2/b. Calculate the highest common divisor of 7 and v.
7
Let a = 561 - 316. Calculate the greatest common divisor of a and 35.
35
Suppose -97 = -3*z - 31. Calculate the highest common factor of z and 11.
11
Suppose j = 15 + 21. Calculate the highest common factor of j and 9.
9
Let f = -2 - -2. Suppose 3*p - 49 - 2 = f. Calculate the greatest common divisor of p and 17.
17
Suppose -10*i = -12*i + 64. Let d(t) = t**3 + 5*t**2 - t + 3. Let l be d(-5). Calculate the highest common divisor of i and l.
8
Let d(c) = -c - 12. Let h be d(-7). Let m(o) = o**2 - 2*o + 7. Let y be m(h). What is the highest common divisor of 6 and y?
6
Let r = -2156 + 970. Let n be r/(-14) - (-10)/35. Suppose 0 = -5*q - n + 245. What is the greatest common divisor of 8 and q?
8
Suppose 4 = -m + 5. Suppose 4*t = 5*o - 28, -5*o + 56 = 5*t + m. Let h = 41 + -21. What is the highest common factor of h and o?
4
Let v(n) = 2*n + 2. Let l be v(8). Calculate the greatest common divisor of l and 6.
6
Let y be 4936/72 - (-4)/9. Calculate the highest common factor of 92 and y.
23
Let w = -9 + 14. What is the greatest common divisor of w and 55?
5
Suppose 0 = -23*x + 21*x + 8. What is the highest common factor of x and 4?
4
Let s = 12 - 9. Suppose 4*q - 7 = -s*z, -9 = 3*z - 8*z - 4*q. What is the highest common divisor of z and 2?
1
Let u(n) = -8*n - 1. Let m be u(-1). Let q = m + -4. Suppose -q*f + 15 = -6. What is the greatest common factor of 21 and f?
7
Let z(y) = y - 1. Let u be z(9). Suppose 0 = -l + a + 5 + 6, 4*a = u. Calculate the highest common factor of 91 and l.
13
Let q(t) = -22*t**3 + 2*t - 1. Let h be q(1). Let o = 35 + h. Let l(n) = -15*n - 4. Let i be l(-4). Calculate the greatest common factor of i and o.
14
Suppose 3*k - 20 = 25. What is the highest common divisor of 165 and k?
15
Suppose -3*k - 4*z + 264 = 0, k - 3*z - 107 = 2*z. Suppose -30 - 62 = -4*r. What is the highest common divisor of k and r?
23
Let q = 39 + 3. Suppose 0 = w - 0 - 6. Calculate the highest common factor of w and q.
6
Suppose 3*z + 2*a - 7 = 0, 4*z + 5*a = 10 - 3. Let o be (55*z)/(-1 + 2). Let l be (-6)/(-4)*(11 + -1). What is the highest common divisor of l and o?
15
Let q(d) = -3*d. Let l be q(5). Let m be 28 + l + 3 + 1. Calculate the greatest common factor of 153 and m.
17
Let a be 9/(7/6 + (-5)/(-15)). Calculate the greatest common factor of a and 15.
3
Let m = -107 + 108. What is the highest common factor of m and 17?
1
Let d(t) = t + 29. Let f be d(-8). Calculate the highest common divisor of 147 and f.
21
Suppose d + f - 5 - 2 = 0, -3*d = -5*f + 3. Let l(y) = 6*y - 5. Let m be l(d). What is the highest common factor of 76 and m?
19
Suppose -228 = -19*b + 152. Suppose 0 = 4*j - 25 - 175. What is the greatest common factor of j and b?
10
Suppose -3*p + 0*r = 2*r - 29, 5*p - 39 = -r. Let t(n) = n - 5. Let i be t(4). Let b be (2 + i)/1 - -27. What is the highest common factor of b and p?
7
Suppose 4*v = 12 + 96. Suppose 3*l - 32 = -2. Suppose 2*x = z - 20, -z + l = -x - 9. Calculate the greatest common factor of z and v.
9
Let d = 3 - 1. Let r = -9 - -17. What is the greatest common factor of r and d?
2
Let i be -1*(6*8)/(-1). What is the greatest common divisor of i and 6?
6
Let w(m) = m - 4. Let t(j) = -j**2 - 10*j - 9. Let v be t(-8). Let l be w(v). What is the greatest common divisor of l and 3?
3
Suppose 3*j - 125 = -20. Let w(l) = -2*l + 2. Let m be w(-1). Suppose b + 3*b = -2*a + 26, a = m*b - 11. Calculate the highest common divisor of a and j.
5
Let r be (16/2)/((-1)/(-6)). Let q = -105 + 121. Calculate the highest common factor of q and r.
16
Let c(g) = 2*g + 15. Let o be c(-6). What is the greatest common factor of o and 33?
3
Let w = -277 - -487. Calculate the highest common divisor of w and 30.
30
Let k(a) = -6*a - 2. Let b = 3 - 7. Let h be k(b). Suppose 0 = 2*q - 12 - h. Calculate the greatest common divisor of 85 and q.
17
Suppose 0 = s - 5*s + 8. Suppose 0 = -b + 2*p - 5*p + 15, -5*p + 3 = -s*b. What is the greatest common divisor of b and 42?
6
Suppose -3*i + r = -43, 3*r = -4*i - r + 52. What is the greatest common divisor of i and 7?
7
Suppose -5*k = -0*k + 75. Let z = -9 - k. Calculate the highest common divisor of z and 48.
6
Suppose -p - 5 = -3. Let w be 2 + p + 2 + 0. Suppose -4*z + w*z = -28. What is the greatest common divisor of 42 and z?
14
Let z = -4 - -16. Calculate the greatest common divisor of z and 48.
12
Suppose 0 = p - 4*x - 20, -p - 3*x - 10 = -x. Suppose -2*t + t + 9 = p. What is the highest common factor of t and 1?
1
Let z(b) be the second derivative of b**4/12 - 7*b**3/6 - 11*b**2/2 + 2*b. Let c be z(9). What is the highest common divisor of 14 and c?
7
Let z(i) = -i**3 + 3*i**2 - 3*i. Let f be z(2). Let k be (-9)/(-2) + (-1)/f. Suppose 0 = 4*a + a - 25. What is the greatest common factor of a and k?
5
Let h be (-2)/6 + (-1)/(-3). Let s be -1 + (h - -12 - 0). Calculate the highest common factor of s and 99.
11
Let u(m) = -4*m**3 + 2*m**2 + m. Let x be u(-1). What is the highest common factor of x and 5?
5
Let u be ((-2